 are the prime factors of 9713?
11, 883
What are the prime factors of 583?
11, 53
What are the prime factors of 29679?
3, 13, 761
List the prime factors of 4374.
2, 3
List the prime factors of 1659.
3, 7, 79
List the prime factors of 1407.
3, 7, 67
What are the prime factors of 18935?
5, 7, 541
What are the prime factors of 1597?
1597
List the prime factors of 4360.
2, 5, 109
What are the prime factors of 31289?
67, 467
What are the prime factors of 9488?
2, 593
List the prime factors of 117584.
2, 7349
What are the prime factors of 151?
151
What are the prime factors of 130?
2, 5, 13
What are the prime factors of 3752?
2, 7, 67
List the prime factors of 1466.
2, 733
What are the prime factors of 9864?
2, 3, 137
List the prime factors of 3494.
2, 1747
List the prime factors of 1504.
2, 47
List the prime factors of 2050.
2, 5, 41
List the prime factors of 27544.
2, 11, 313
What are the prime factors of 65607?
3, 19, 1151
What are the prime factors of 9083?
31, 293
List the prime factors of 127273.
137, 929
What are the prime factors of 14334?
2, 3, 2389
What are the prime factors of 23?
23
List the prime factors of 712.
2, 89
What are the prime factors of 7076?
2, 29, 61
List the prime factors of 45129.
3, 7, 307
What are the prime factors of 270?
2, 3, 5
What are the prime factors of 10515?
3, 5, 701
What are the prime factors of 942?
2, 3, 157
List the prime factors of 3424.
2, 107
What are the prime factors of 14447?
14447
What are the prime factors of 110970?
2, 3, 5, 137
What are the prime factors of 4311?
3, 479
What are the prime factors of 11575?
5, 463
What are the prime factors of 118948?
2, 131, 227
What are the prime factors of 546?
2, 3, 7, 13
List the prime factors of 171926.
2, 31, 47, 59
What are the prime factors of 22487?
113, 199
List the prime factors of 4369.
17, 257
What are the prime factors of 2953?
2953
What are the prime factors of 142305?
3, 5, 53, 179
List the prime factors of 869.
11, 79
List the prime factors of 110172.
2, 3, 9181
List the prime factors of 4205.
5, 29
List the prime factors of 223.
223
List the prime factors of 34983.
3, 13, 23
List the prime factors of 14443.
11, 13, 101
What are the prime factors of 18352?
2, 31, 37
What are the prime factors of 7454?
2, 3727
List the prime factors of 1795.
5, 359
What are the prime factors of 5913?
3, 73
What are the prime factors of 2405?
5, 13, 37
List the prime factors of 3001.
3001
What are the prime factors of 18899?
18899
What are the prime factors of 45055?
5, 9011
List the prime factors of 1350.
2, 3, 5
List the prime factors of 6553.
6553
What are the prime factors of 11309?
43, 263
What are the prime factors of 92204?
2, 7, 37, 89
List the prime factors of 8554.
2, 7, 13, 47
What are the prime factors of 66660?
2, 3, 5, 11, 101
What are the prime factors of 22854?
2, 3, 13, 293
What are the prime factors of 2335?
5, 467
What are the prime factors of 3209?
3209
List the prime factors of 1418.
2, 709
What are the prime factors of 6566?
2, 7, 67
List the prime factors of 19711.
23, 857
What are the prime factors of 6989?
29, 241
What are the prime factors of 1226?
2, 613
List the prime factors of 19993.
19993
What are the prime factors of 715?
5, 11, 13
What are the prime factors of 24195?
3, 5, 1613
What are the prime factors of 73786?
2, 79, 467
What are the prime factors of 9085?
5, 23, 79
What are the prime factors of 9579?
3, 31, 103
List the prime factors of 378.
2, 3, 7
List the prime factors of 41495.
5, 43, 193
What are the prime factors of 1378?
2, 13, 53
List the prime factors of 1851.
3, 617
What are the prime factors of 581?
7, 83
List the prime factors of 34792.
2, 4349
List the prime factors of 15270.
2, 3, 5, 509
List the prime factors of 858.
2, 3, 11, 13
List the prime factors of 280.
2, 5, 7
What are the prime factors of 23097?
3, 7699
List the prime factors of 1208.
2, 151
List the prime factors of 14750.
2, 5, 59
What are the prime factors of 38273?
38273
What are the prime factors of 8860?
2, 5, 443
What are the prime factors of 24152?
2, 3019
What are the prime factors of 7737?
3, 2579
What are the prime factors of 146?
2, 73
List the prime factors of 3362.
2, 41
List the prime factors of 3445.
5, 13, 53
List the prime factors of 3470.
2, 5, 347
What are the prime factors of 8025?
3, 5, 107
What are the prime factors of 1364?
2, 11, 31
What are the prime factors of 184?
2, 23
List the prime factors of 4004.
2, 7, 11, 13
What are the prime factors of 709?
709
List the prime factors of 24597.
3, 911
What are the prime factors of 2837?
2837
List the prime factors of 8601.
3, 47, 61
List the prime factors of 545.
5, 109
What are the prime factors of 932?
2, 233
What are the prime factors of 1464?
2, 3, 61
What are the prime factors of 15244?
2, 37, 103
List the prime factors of 37664.
2, 11, 107
List the prime factors of 88564.
2, 7, 3163
What are the prime factors of 162557?
162557
What are the prime factors of 58362?
2, 3, 71, 137
List the prime factors of 1035.
3, 5, 23
List the prime factors of 63009.
3, 7001
What are the prime factors of 50961?
3, 16987
What are the prime factors of 731?
17, 43
List the prime factors of 3462.
2, 3, 577
List the prime factors of 8780.
2, 5, 439
List the prime factors of 2682.
2, 3, 149
List the prime factors of 23296.
2, 7, 13
List the prime factors of 62230.
2, 5, 7, 127
What are the prime factors of 15656?
2, 19, 103
List the prime factors of 116251.
101, 1151
List the prime factors of 117.
3, 13
What are the prime factors of 3500?
2, 5, 7
What are the prime factors of 2436?
2, 3, 7, 29
List the prime factors of 849.
3, 283
What are the prime factors of 20724?
2, 3, 11, 157
What are the prime factors of 858?
2, 3, 11, 13
What are the prime factors of 8981?
7, 1283
What are the prime factors of 745?
5, 149
List the prime factors of 2037.
3, 7, 97
List the prime factors of 94709.
94709
What are the prime factors of 780?
2, 3, 5, 13
List the prime factors of 447.
3, 149
List the prime factors of 18183.
3, 11, 19, 29
List the prime factors of 6647.
17, 23
What are the prime factors of 2590?
2, 5, 7, 37
List the prime factors of 1943.
29, 67
What are the prime factors of 26153?
26153
List the prime factors of 2315.
5, 463
What are the prime factors of 1367?
1367
List the prime factors of 75.
3, 5
List the prime factors of 547.
547
List the prime factors of 3652.
2, 11, 83
What are the prime factors of 5462?
2, 2731
What are the prime factors of 1246?
2, 7, 89
What are the prime factors of 14541?
3, 37, 131
What are the prime factors of 29310?
2, 3, 5, 977
What are the prime factors of 106?
2, 53
What are the prime factors of 43133?
43133
List the prime factors of 678.
2, 3, 113
What are the prime factors of 2182?
2, 1091
What are the prime factors of 62208?
2, 3
What are the prime factors of 389?
389
What are the prime factors of 650?
2, 5, 13
What are the prime factors of 667?
23, 29
List the prime factors of 10556.
2, 7, 13, 29
List the prime factors of 106108.
2, 41, 647
List the prime factors of 45922.
2, 22961
What are the prime factors of 6872?
2, 859
List the prime factors of 5051.
5051
List the prime factors of 30573.
3, 43, 79
What are the prime factors of 43513?
53, 821
What are the prime factors of 122?
2, 61
List the prime factors of 174996.
2, 3, 4861
List the prime factors of 3615.
3, 5, 241
What are the prime factors of 574?
2, 7, 41
What are the prime factors of 976?
2, 61
What are the prime factors of 45553?
45553
List the prime factors of 11083.
11083
What are the prime factors of 18053?
7, 2579
List the prime factors of 9477.
3, 13
What are the prime factors of 3157?
7, 11, 41
List the prime factors of 1268.
2, 317
List the prime factors of 1870.
2, 5, 11, 17
What are the prime factors of 795?
3, 5, 53
List the prime factors of 4272.
2, 3, 89
What are the prime factors of 5709?
3, 11, 173
List the prime factors of 65246.
2, 17, 19, 101
List the prime factors of 2111.
2111
What are the prime factors of 11417?
7, 233
List the prime factors of 915.
3, 5, 61
List the prime factors of 30232.
2, 3779
List the prime factors of 1740.
2, 3, 5, 29
What are the prime factors of 117491?
11, 971
List the prime factors of 1237.
1237
What are the prime factors of 516?
2, 3, 43
List the prime f